{"id":1180,"date":"2021-01-12T03:32:54","date_gmt":"2021-01-12T03:32:54","guid":{"rendered":"https:\/\/4ol.co\/?page_id=1180"},"modified":"2021-01-12T03:51:56","modified_gmt":"2021-01-12T03:51:56","slug":"gestion-de-enfermedades-transmitidas-por-vectores-etv","status":"publish","type":"page","link":"https:\/\/4ol.co\/index.php\/gestion-de-enfermedades-transmitidas-por-vectores-etv\/","title":{"rendered":"GESTI\u00d3N DE ENFERMEDADES TRANSMITIDAS POR VECTORES &#8211; ETV"},"content":{"rendered":"\n<p class=\"has-text-align-center has-text-color\" style=\"color:#000000\">Las herramientas de gesti\u00f3n permiten realizar el censo, seguimiento y medici\u00f3n de infestaci\u00f3n del vector en tanques de almacenamiento de agua, basuras etc. e identificar geogr\u00e1ficamente el territorio y reportar la situaci\u00f3n relacionada.<\/p>\n\n\n\n<div class=\"wp-block-columns is-layout-flex wp-container-core-columns-is-layout-9d6595d7 wp-block-columns-is-layout-flex\">\n<div class=\"wp-block-column is-layout-flow wp-block-column-is-layout-flow\">\n<h3 class=\"has-text-color wp-block-heading\" style=\"color:#000000\"><strong>Dificultades a resolver:<\/strong><\/h3>\n\n\n\n<ul class=\"has-text-color wp-block-list\" style=\"color:#000000\"><li>No control de vectores transmisores de enfermedades de inter\u00e9s en salud p\u00fablica \u201cDengue, leishmaniosis, chagas, malaria entre otros.<\/li><li>Falta de compromiso social en el control de criaderos de vectores, en las viviendas y vecindarios.<\/li><li>Control y registro manual que no permite trazabilidad hist\u00f3rica a las acciones e infestaci\u00f3n.<\/li><li>La no relaci\u00f3n entre el control del entorno \u201ccriadero, larvas, pupas y adultos\u201d y la incidencia de casos de ETV.<\/li><\/ul>\n<\/div>\n\n\n\n<div class=\"wp-block-column is-layout-flow wp-block-column-is-layout-flow\">\n<h3 class=\"has-text-color wp-block-heading\" style=\"color:#000000\"><strong>Valores agregados: <\/strong><\/h3>\n\n\n\n<ul class=\"has-text-color wp-block-list\" style=\"color:#000000\"><li>Sistema eficiente para realizar seguimiento de vigilancia epidemiol\u00f3gica de eventos de salud p\u00fablica.<\/li><li>Planeaci\u00f3n municipal y social para el control de vectores.<\/li><li>Semaforizaci\u00f3n de barrios relacionado con factores de cr\u00eda de vectores.<\/li><li>An\u00e1lisis de salud entre incidencia de enfermedades e \u00edndices de infestaci\u00f3n de vectores.<\/li><li>Evaluaci\u00f3n del impacto de las acciones de control de vectores.<\/li><\/ul>\n<\/div>\n<\/div>\n\n\n\n<h3 class=\"has-text-align-center has-text-color wp-block-heading\" style=\"color:#000000\"><strong>El servicio proporciona: <\/strong><\/h3>\n\n\n\n<p class=\"has-text-align-center has-text-color\" style=\"color:#000000\"><strong>1) Tableros de mando para el an\u00e1lisis de la situaci\u00f3n de ETV, Aplicaciones Web de registro y alertas<\/strong><\/p>\n\n\n\n<div class=\"wp-block-columns is-layout-flex wp-container-core-columns-is-layout-9d6595d7 wp-block-columns-is-layout-flex\">\n<div class=\"wp-block-column is-layout-flow wp-block-column-is-layout-flow\">\n<p class=\"has-text-color\" style=\"color:#000000;font-size:17px\"><strong>Vigilancia de vectores <\/strong><\/p>\n\n\n\n<p class=\"has-text-color\" style=\"color:#000000\">Permite realizar censo de las viviendas o establecimientos y georeferenciaci\u00f3n con potenciales de cr\u00eda de vectores, como sumideros, tanques, desechables expuestos, entre otros.<\/p>\n\n\n\n<p class=\"has-text-color\" style=\"color:#000000\">Tambi\u00e9n, la caracterizaci\u00f3n de criaderos y viviendas, el registro de hallazgos como larvas, pupas o adultos en la vivienda y tener la trazabilidad de la medici\u00f3n de estos hallazgos.<br>Por ultimo, la identificaci\u00f3n zonal de existencia de criaderos y el registro geogr\u00e1fico y temporal de las intervenciones, como lavado de tanques, fumigaci\u00f3n u otros.<\/p>\n<\/div>\n\n\n\n<div class=\"wp-block-column is-layout-flow wp-block-column-is-layout-flow\">\n<figure class=\"wp-block-image size-large\"><img loading=\"lazy\" decoding=\"async\" width=\"1024\" height=\"503\" src=\"https:\/\/4ol.co\/wp-content\/uploads\/2021\/01\/Visor-Vectores-1024x503.png\" alt=\"\" class=\"wp-image-1189\" srcset=\"https:\/\/4ol.co\/wp-content\/uploads\/2021\/01\/Visor-Vectores-1024x503.png 1024w, https:\/\/4ol.co\/wp-content\/uploads\/2021\/01\/Visor-Vectores-300x147.png 300w, https:\/\/4ol.co\/wp-content\/uploads\/2021\/01\/Visor-Vectores-768x377.png 768w, https:\/\/4ol.co\/wp-content\/uploads\/2021\/01\/Visor-Vectores.png 1200w\" sizes=\"auto, (max-width: 1024px) 100vw, 1024px\" \/><\/figure>\n<\/div>\n<\/div>\n\n\n\n<div class=\"wp-block-columns is-layout-flex wp-container-core-columns-is-layout-9d6595d7 wp-block-columns-is-layout-flex\">\n<div class=\"wp-block-column is-layout-flow wp-block-column-is-layout-flow\">\n<p class=\"has-text-color\" style=\"color:#000000;font-size:17px\"><strong>2) Plataforma gesti\u00f3n salud <\/strong><\/p>\n\n\n\n<p class=\"has-text-color\" style=\"color:#000000\">Permite el registro espacial de los casos de enfermedades transmitidas por vectores que se diagnostique y el registro de estudio de campo de ETV.<\/p>\n<\/div>\n\n\n\n<div class=\"wp-block-column is-layout-flow wp-block-column-is-layout-flow\">\n<p class=\"has-text-color\" style=\"color:#000000;font-size:17px\"><strong>3)<\/strong> <strong>App comunitaria <\/strong><\/p>\n\n\n\n<p class=\"has-text-color\" style=\"color:#000000\">Permite realizar vigilancia de control de vectores, reportar situaciones relacionadas, generar informes y an\u00e1lisis de la situaci\u00f3n municipal de ETV.<\/p>\n<\/div>\n<\/div>\n","protected":false},"excerpt":{"rendered":"<p>Las herramientas de gesti\u00f3n permiten realizar el censo, seguimiento y medici\u00f3n de infestaci\u00f3n del vector en tanques de almacenamiento de agua, basuras etc. e identificar geogr\u00e1ficamente el territorio y reportar la situaci\u00f3n relacionada. Dificultades a resolver: No control de vectores transmisores de enfermedades de inter\u00e9s en salud p\u00fablica \u201cDengue, leishmaniosis, chagas, malaria entre otros. Falta [&hellip;]<\/p>\n","protected":false},"author":2,"featured_media":0,"parent":0,"menu_order":0,"comment_status":"closed","ping_status":"closed","template":"","meta":{"footnotes":""},"class_list":["post-1180","page","type-page","status-publish","hentry"],"_links":{"self":[{"href":"https:\/\/4ol.co\/index.php\/wp-json\/wp\/v2\/pages\/1180","targetHints":{"allow":["GET"]}}],"collection":[{"href":"https:\/\/4ol.co\/index.php\/wp-json\/wp\/v2\/pages"}],"about":[{"href":"https:\/\/4ol.co\/index.php\/wp-json\/wp\/v2\/types\/page"}],"author":[{"embeddable":true,"href":"https:\/\/4ol.co\/index.php\/wp-json\/wp\/v2\/users\/2"}],"replies":[{"embeddable":true,"href":"https:\/\/4ol.co\/index.php\/wp-json\/wp\/v2\/comments?post=1180"}],"version-history":[{"count":8,"href":"https:\/\/4ol.co\/index.php\/wp-json\/wp\/v2\/pages\/1180\/revisions"}],"predecessor-version":[{"id":1193,"href":"https:\/\/4ol.co\/index.php\/wp-json\/wp\/v2\/pages\/1180\/revisions\/1193"}],"wp:attachment":[{"href":"https:\/\/4ol.co\/index.php\/wp-json\/wp\/v2\/media?parent=1180"}],"curies":[{"name":"wp","href":"https:\/\/api.w.org\/{rel}","templated":true}]}}