{"id":1236,"date":"2021-01-12T04:12:58","date_gmt":"2021-01-12T04:12:58","guid":{"rendered":"https:\/\/4ol.co\/?page_id=1236"},"modified":"2021-01-12T04:14:54","modified_gmt":"2021-01-12T04:14:54","slug":"politica-de-privacidad-y-tratamiento-de-datos-personales-4ol","status":"publish","type":"page","link":"https:\/\/4ol.co\/index.php\/politica-de-privacidad-y-tratamiento-de-datos-personales-4ol\/","title":{"rendered":"Pol\u00edtica de privacidad y tratamiento de datos personales &#8211; 4OL"},"content":{"rendered":"\n<p class=\"has-text-color\" style=\"color:#000000\">En cumplimiento de la Ley 1581 de 2012, por la cual se dictan disposiciones para la protecci\u00f3n de datos personales, CU4RT4 OPORTUNIDAD LOCAL, en su calidad de responsable del tratamiento de datos personales, informa los lineamientos generales en esta materia:<\/p>\n\n\n\n<ol class=\"has-text-color wp-block-list\" style=\"color:#000000\"><li><strong>Autorizaci\u00f3n del tratamiento de datos<\/strong><br>La autorizaci\u00f3n para el tratamiento de sus datos personales permite a CU4RT4 OPORTUNIDAD LOCAL, recolectar almacenar, procesar, usar, circular, suprimir, cotejar, buscar, compartir, actualizar, transmitir y transferir la informaci\u00f3n personal, para desarrollar los productos del portafolio relacionados con el objeto social, en procura de cumplir con las siguientes finalidades:<br>(1) Transmitir informes estad\u00edsticos de car\u00e1cter privado a autoridades municipales como alcaldes, secretarios y\/o funcionarios autorizados a cargo de la toma de decisiones sobre la gesti\u00f3n de vigilancia y control epidemiol\u00f3gica integrado bajo la Gobernanza Territorial, (2) transmitir informaci\u00f3n personal con car\u00e1cter privado a terceras partes que hacen parte del organismo de la alcald\u00eda municipal a cargo de la gesti\u00f3n y cumplimiento de entregas de ayudas a la comunidad que lo solicita, (3) para el tratamiento y protecci\u00f3n de los datos de contacto (direcci\u00f3n del domicilio, correo electr\u00f3nico y n\u00famero de tel\u00e9fono), (4) enviar encuestas para la debida vigilancia epidemiol\u00f3gica y atenci\u00f3n a la poblaci\u00f3n enferma en sus instituciones de salud, a trav\u00e9s de correo electr\u00f3nico y\/o mensajes de texto al tel\u00e9fono m\u00f3vil.<br>A su vez autorizo, de manera previa, expresa, e informada a realizar el tratamiento de datos personales sensibles tales como los datos relativos a la salud, aspectos socio econ\u00f3micos y situaciones de vulnerabilidad al tenor de lo dispuesto en el art\u00edculo 6 de la Ley 1581 de 2012. As\u00ed mismo, autorizo para tratar los datos personales de los titulares menores de edad, en calidad de Representante Legal o Tutor de ellos, obedeciendo exclusivamente al inter\u00e9s de su atenci\u00f3n y seguimiento en salud.<\/li><li><strong>Datos generales<\/strong><br>El responsable del tratamiento de sus datos personales es CU4RT4 OPORTUNIDAD LOCAL, identificado con Nit: 901.270.946-8, con sus oficinas en Ak 9 126-18 oficina 201 en la ciudad de Bogot\u00e1, Portal Web www.4ol.co.<br>Los datos generales como edad, sexo, departamento, municipio de residencia, ser\u00e1n usados en forma gen\u00e9rica para generar informes estad\u00edsticos de uso en la gesti\u00f3n local. En ning\u00fan momento se dispondr\u00e1 los datos generales unidos a datos personales de identificaci\u00f3n.<\/li><li><strong>Definiciones<\/strong><br>Autorizaci\u00f3n: Consentimiento previo, expreso e informado del titular del dato para llevar a cabo el tratamiento. Esta puede ser escrita, verbal o mediante conductas inequ\u00edvocas que permitan concluir de forma razonable que el titular otorg\u00f3 autorizaci\u00f3n.<br>Consulta: solicitud del titular del dato o las personas autorizadas por \u00e9ste o por la ley para conocer la informaci\u00f3n que reposa sobre ella en bases de datos o archivos.<br>Dato personal: Cualquier informaci\u00f3n vinculada o que pueda asociarse a una o varias personas naturales determinadas o determinables.<br>Estos datos se clasifican en sensibles, p\u00fablicos, privados y semiprivados.<br>Dato personal sensible: Informaci\u00f3n que afecta la intimidad de la persona o cuyo uso indebido puede generar su discriminaci\u00f3n, tales como aquellos que revelen el origen racial o \u00e9tnico, la orientaci\u00f3n pol\u00edtica, las convicciones religiosas o filos\u00f3ficas, la pertenencia a<br>sindicatos, organizaciones sociales, de derechos humanos o que promueva intereses de cualquier partido pol\u00edtico o que garanticen los derechos y garant\u00edas de partidos pol\u00edticos de oposici\u00f3n, as\u00ed como los datos relativos a la salud, a la vida sexual y los datos biom\u00e9tricos<br>(huellas dactilares, entre otros).<br>Dato personal p\u00fablico: Es el dato calificado como tal seg\u00fan los mandatos de la ley o de la Constituci\u00f3n Pol\u00edtica y todos aquellos que no sean semiprivados o privados. Son p\u00fablicos, entre otros, los datos contenidos en documentos p\u00fablicos, registros p\u00fablicos, gacetas y boletines oficiales y sentencias judiciales debidamente ejecutoriadas que no est\u00e9n sometidos a reserva, los relativos al estado civil de las personas, a su profesi\u00f3n u oficio y a su calidad de comerciante o de servidor p\u00fablico. Son p\u00fablicos los datos personales existentes en el registro mercantil de las C\u00e1maras de Comercio (Art\u00edculo 26 del C.Co.).<br>Asimismo, son datos p\u00fablicos, los que, en virtud de una decisi\u00f3n del titular o de un mandato legal, se encuentren en archivos de libre acceso y consulta. Estos datos pueden ser obtenidos y ofrecidos sin reserva alguna y sin importar si hacen alusi\u00f3n a informaci\u00f3n general, privada o personal.<br>Dato personal privado: Es el dato que por su naturaleza \u00edntima o reservada s\u00f3lo es relevante para la persona titular del dato. Ejemplos: libros de los comerciantes, documentos privados, informaci\u00f3n extra\u00edda a partir de la inspecci\u00f3n del domicilio.<br>Dato personal semiprivado: Es semiprivado el dato que no tiene naturaleza \u00edntima, reservada, ni p\u00fablica y cuyo conocimiento o divulgaci\u00f3n puede interesar no s\u00f3lo a su titular sino a cierto sector o grupo de personas o a la sociedad en general, como, entre otros, el<br>dato referente al cumplimiento e incumplimiento de las obligaciones financieras o los datos relativos a las relaciones con las entidades de la seguridad social.<br>Encargado del tratamiento: persona que realiza el tratamiento de datos por cuenta del responsable del tratamiento.<br>Reclamo: solicitud del titular del dato o las personas autorizadas por \u00e9ste o por la ley para corregir, actualizar o suprimir sus datos personales o cuando adviertan que existe un presunto incumplimiento del r\u00e9gimen de protecci\u00f3n de datos, seg\u00fan el art\u00edculo Art. 15 de la ley 1581 de 2012.<br>Titular del dato: Es la persona natural a que se refieren la informaci\u00f3n.<br>Tratamiento: Cualquier operaci\u00f3n o conjunto de operaciones sobre datos personales como, entre otros, la recolecci\u00f3n, el almacenamiento, el uso, la circulaci\u00f3n o supresi\u00f3n de esa clase de informaci\u00f3n.<br>Transmisi\u00f3n: Tratamiento de datos personales que implica la comunicaci\u00f3n de los mismos dentro (transmisi\u00f3n nacional) o fuera de Colombia (transmisi\u00f3n internacional) y que tiene por objeto la realizaci\u00f3n de un tratamiento por el Encargado por cuenta del responsable.<br>Transferencia: La transferencia de datos tiene lugar cuando el responsable y\/o encargado del tratamiento de datos personales, ubicado en Colombia, env\u00eda la informaci\u00f3n o los datos personales a un receptor, que a su vez es responsable del tratamiento y se encuentra dentro o fuera del pa\u00eds.<\/li><li><strong>Pol\u00edtica del tratamiento y manejo de los datos personales<\/strong><br>Los datos de nombre, documento, fecha de nacimiento solo ser\u00e1n usados para informe destinado a prestar servicios de salud, sociales o de empleo por parte de autoridades competentes, o profesionales autorizados por la ley para su uso y prestaci\u00f3n directa de los servicios y garant\u00eda de los derechos de los ciudadanos.<\/li><li><strong>Tratamiento datos sensibles<\/strong><br>Los datos sensibles, contenidos en historia cl\u00ednica o informes de salud solo ser\u00e1n accesibles cuando un ciudadano requiera un servicio relacionado a sus datos. El hecho de solicitar el servicio como atenci\u00f3n en salud, o de tratarse de protegerlo en una situaci\u00f3n de salud, est\u00e1<br>solicitud o servicio autoriza el uso de sus datos para que el servicio solicitado o prestado se pueda entregar en forma segura y oportuna. Protegiendo la salud y la privacidad del ciudadano.<\/li><li><strong>Derechos del titular de los datos personales<\/strong><br>Los datos de identificaci\u00f3n y sensibles que en relaci\u00f3n a los servicios que presta, y los cuales recolecta 4OL son del ciudadano y\/o la instituci\u00f3n que los recolecta en cumplimiento de sus funciones y responsabilidades legales, quienes por convenio y acuerdo de confidencialidad entrega a 4OL. Por ello ambos pueden solicitar su modificaci\u00f3n o que se elimine de las bases de datos de los servidores de 4OL. En ese caso deber\u00e1 manifestarlo por escrito, en la p\u00e1gina web www.4ol.co, o mediante el correo electr\u00f3nico <em>protecciondatos@4ol.co<\/em>, y 4OL le informar\u00e1 el momento en que los elimine.<\/li><li><strong>Deberes de los Encargados del tratamiento de datos personales<\/strong><br>Los encargados del tratamiento deber\u00e1n cumplir los siguientes deberes, sin perjuicio de las dem\u00e1s disposiciones previstas en la Ley 1581 de 2012 y en otras que rijan su actividad:<br>\u2022 Obtener la autorizaci\u00f3n de tratamiento de datos del titular previo a la recolecci\u00f3n de la informaci\u00f3n, teniendo en cuenta las disposiciones especiales sobre ni\u00f1os, ni\u00f1as y adolescentes y datos sensibles.<br>\u2022 Garantizar al titular, en todo tiempo, el pleno y efectivo ejercicio del derecho de h\u00e1beas data.<br>\u2022 Conservar la informaci\u00f3n bajo las condiciones de seguridad necesarias para impedir su adulteraci\u00f3n, p\u00e9rdida, consulta, uso o acceso no autorizado o fraudulento.<br>\u2022 Realizar oportunamente la actualizaci\u00f3n, rectificaci\u00f3n o supresi\u00f3n de los datos en los t\u00e9rminos establecidos.<br>\u2022 Tramitar las consultas y los reclamos formulados por los titulares en los t\u00e9rminos se\u00f1alados en la ley.<br>\u2022 Adoptar las pol\u00edticas y procedimiento de tratamiento de datos personales de CU4RT4 OPORTUNIDAD LOCAL, para garantizar el adecuado cumplimiento de la ley y, en especial, para la atenci\u00f3n de consultas y reclamos por parte de los titulares.<br>\u2022 Permitir el acceso a la informaci\u00f3n \u00fanicamente a las personas que pueden tener acceso a ella.<br>\u2022 Informar a CU4RT4 OPORTUNIDAD LOCAL cuando se presenten violaciones a los c\u00f3digos de seguridad y existan riesgos en la administraci\u00f3n de la informaci\u00f3n de los titulares.<br>\u2022 Cumplir las instrucciones y requerimientos que imparta la Superintendencia de Industria y Comercio.<\/li><\/ol>\n","protected":false},"excerpt":{"rendered":"<p>En cumplimiento de la Ley 1581 de 2012, por la cual se dictan disposiciones para la protecci\u00f3n de datos personales, CU4RT4 OPORTUNIDAD LOCAL, en su calidad de responsable del tratamiento de datos personales, informa los lineamientos generales en esta materia: Autorizaci\u00f3n del tratamiento de datosLa autorizaci\u00f3n para el tratamiento de sus datos personales permite a [&hellip;]<\/p>\n","protected":false},"author":2,"featured_media":0,"parent":0,"menu_order":0,"comment_status":"closed","ping_status":"closed","template":"","meta":{"footnotes":""},"class_list":["post-1236","page","type-page","status-publish","hentry"],"_links":{"self":[{"href":"https:\/\/4ol.co\/index.php\/wp-json\/wp\/v2\/pages\/1236","targetHints":{"allow":["GET"]}}],"collection":[{"href":"https:\/\/4ol.co\/index.php\/wp-json\/wp\/v2\/pages"}],"about":[{"href":"https:\/\/4ol.co\/index.php\/wp-json\/wp\/v2\/types\/page"}],"author":[{"embeddable":true,"href":"https:\/\/4ol.co\/index.php\/wp-json\/wp\/v2\/users\/2"}],"replies":[{"embeddable":true,"href":"https:\/\/4ol.co\/index.php\/wp-json\/wp\/v2\/comments?post=1236"}],"version-history":[{"count":3,"href":"https:\/\/4ol.co\/index.php\/wp-json\/wp\/v2\/pages\/1236\/revisions"}],"predecessor-version":[{"id":1239,"href":"https:\/\/4ol.co\/index.php\/wp-json\/wp\/v2\/pages\/1236\/revisions\/1239"}],"wp:attachment":[{"href":"https:\/\/4ol.co\/index.php\/wp-json\/wp\/v2\/media?parent=1236"}],"curies":[{"name":"wp","href":"https:\/\/api.w.org\/{rel}","templated":true}]}}